{"id":866,"date":"2025-04-16T10:08:09","date_gmt":"2025-04-16T08:08:09","guid":{"rendered":"https:\/\/www.lwaziende.it\/?page_id=866"},"modified":"2025-04-17T16:24:28","modified_gmt":"2025-04-17T14:24:28","slug":"hosting-php","status":"publish","type":"page","link":"https:\/\/www.lwaziende.it\/index.php\/hosting-php\/","title":{"rendered":"Hosting PHP"},"content":{"rendered":"<div data-label=\"Content\" data-id=\"content--1\" data-export-id=\"content-12\" data-category=\"content\" class=\"content-12 content-section content-section-spacing\" id=\"content-1\"  style=\"background-color: rgb(255, 255, 255);\"><div class=\"gridContainer\" > <div class=\"row text-center\" ><div class=\"section-title-col\" data-type=\"column\" > <h2 class=\"\" >Guida alla Configurazione PHP per il Tuo Hosting<\/h2> <p class=\"lead\" >Un hosting professionale deve permettere di sfruttare appieno la flessibilit\u00e0 del linguaggio PHP, offrendo la possibilit\u00e0 di personalizzare i parametri chiave per il corretto funzionamento e la sicurezza del sito web.<br >\nCon i nostri piani di hosting, hai pieno controllo sull\u2019ambiente PHP: puoi selezionare in autonomia la versione pi\u00f9 adatta alle esigenze del tuo progetto, scegliendo tra PHP 5.5, 5.6, tutte le versioni PHP 7.x e PHP 8.x.<\/p><\/div> <\/div> <div class=\"row center-xs middle-xs\" > <div class=\"col-sm-9\" data-type=\"column\" > <\/div> <\/div><\/div> <\/div><div data-label=\"Content\" data-id=\"content--2\" data-export-id=\"content-12\" data-category=\"content\" class=\"content-12 content-section content-section-spacing\" id=\"content-2\"  style=\"background-color: rgb(245, 250, 253);\"><div class=\"gridContainer\" > <div class=\"row text-center\" ><div class=\"section-title-col\" data-type=\"column\" > <h2 class=\"\" >Quale versione PHP scegliere?<\/h2> <p class=\"lead\" >Scegliere la versione corretta di PHP \u00e8 fondamentale per garantire prestazioni elevate e compatibilit\u00e0 con il proprio sito web o CMS.<br >\nLe versioni pi\u00f9 recenti, come PHP 7 e PHP 8, offrono miglioramenti significativi in termini di velocit\u00e0, sicurezza e consumo di risorse. Ad esempio, diversi benchmark dimostrano come WordPress funzioni in modo decisamente pi\u00f9 rapido e fluido quando \u00e8 eseguito su un ambiente PHP 8, rispetto alle versioni precedenti.<br >\nTuttavia, non tutte le applicazioni, plugin o script personalizzati sono subito compatibili con le versioni pi\u00f9 aggiornate. Per questo motivo, \u00e8 importante valutare caso per caso la versione pi\u00f9 adatta, facendo sempre riferimento alla documentazione ufficiale del CMS o del software che si sta utilizzando.<\/p><a  class=\"button color1\" href=\"#\" target=\"_self\" data-cp-link=\"1\" data-icon=\"\">Vedi offerte<\/a><\/div> <\/div> <div class=\"row center-xs middle-xs\" > <div class=\"col-sm-9\" data-type=\"column\" ><img decoding=\"async\"  class=\"custom-image\" src=\"#\"> <\/div> <\/div><\/div> <\/div>","protected":false},"excerpt":{"rendered":"<p>Guida alla Configurazione PHP per il Tuo Hosting Un hosting professionale deve permettere di sfruttare appieno la flessibilit\u00e0 del linguaggio PHP, offrendo la possibilit\u00e0 di personalizzare i parametri chiave per il corretto funzionamento e la sicurezza del sito web. Con i nostri piani di hosting, hai pieno controllo sull\u2019ambiente PHP: puoi selezionare in autonomia la&hellip; <br \/> <a class=\"read-more\" href=\"https:\/\/www.lwaziende.it\/index.php\/hosting-php\/\">Leggi tutto<\/a><\/p>\n","protected":false},"author":1,"featured_media":0,"parent":0,"menu_order":0,"comment_status":"closed","ping_status":"closed","template":"pro\/page-templates\/full-width-page.php","meta":{"footnotes":""},"class_list":["post-866","page","type-page","status-publish","hentry"],"_links":{"self":[{"href":"https:\/\/www.lwaziende.it\/index.php\/wp-json\/wp\/v2\/pages\/866","targetHints":{"allow":["GET"]}}],"collection":[{"href":"https:\/\/www.lwaziende.it\/index.php\/wp-json\/wp\/v2\/pages"}],"about":[{"href":"https:\/\/www.lwaziende.it\/index.php\/wp-json\/wp\/v2\/types\/page"}],"author":[{"embeddable":true,"href":"https:\/\/www.lwaziende.it\/index.php\/wp-json\/wp\/v2\/users\/1"}],"replies":[{"embeddable":true,"href":"https:\/\/www.lwaziende.it\/index.php\/wp-json\/wp\/v2\/comments?post=866"}],"version-history":[{"count":2,"href":"https:\/\/www.lwaziende.it\/index.php\/wp-json\/wp\/v2\/pages\/866\/revisions"}],"predecessor-version":[{"id":1017,"href":"https:\/\/www.lwaziende.it\/index.php\/wp-json\/wp\/v2\/pages\/866\/revisions\/1017"}],"wp:attachment":[{"href":"https:\/\/www.lwaziende.it\/index.php\/wp-json\/wp\/v2\/media?parent=866"}],"curies":[{"name":"wp","href":"https:\/\/api.w.org\/{rel}","templated":true}]}}